70453449 prime?
True
Is 26486597 prime?
True
Is 482306977 prime?
False
Is 878235679 composite?
False
Is 5206971153 a composite number?
True
Is 8217367243 a composite number?
True
Is 133807828103 composite?
True
Is 196555771 a prime number?
False
Is 2024158937 prime?
True
Is 829450126 prime?
False
Is 102770089 prime?
True
Is 3974523103 composite?
False
Is 30858820261 a prime number?
True
Is 40409804543 a prime number?
True
Is 40129547407 a prime number?
True
Is 16586019154 composite?
True
Is 1415036081 prime?
True
Is 185692540621 prime?
False
Is 8639310377 prime?
False
Is 2728414739 composite?
True
Is 2265200594 prime?
False
Is 36140474481 a composite number?
True
Is 1436687173 prime?
False
Is 193404163 a composite number?
False
Is 2012220797 a prime number?
True
Is 10208136979 a prime number?
False
Is 13894429187 composite?
False
Is 78090763 prime?
True
Is 36529257031 composite?
True
Is 306425827 prime?
False
Is 14292243883 a prime number?
False
Is 345622763 prime?
True
Is 2682823951 prime?
False
Is 10093939 composite?
False
Is 2286778237 composite?
False
Is 976977179 prime?
False
Is 797012412773 a prime number?
True
Is 747193289 a prime number?
False
Is 1150944833 a prime number?
True
Is 674548827 composite?
True
Is 41243223059 a prime number?
True
Is 1460947493 prime?
False
Is 10924139431 prime?
True
Is 3468892397 a prime number?
True
Is 1799901203 prime?
True
Is 19526476693 a prime number?
False
Is 36145153733 composite?
True
Is 425908979 prime?
True
Is 25992844763 a prime number?
False
Is 1889616851 composite?
False
Is 624362119 composite?
True
Is 7817333551 composite?
False
Is 2648577149 composite?
False
Is 6757081559 a composite number?
False
Is 188874045231 prime?
False
Is 276938093 composite?
False
Is 3288073639 composite?
False
Is 23876608099 a prime number?
False
Is 949937077 a prime number?
False
Is 272313087187 a prime number?
True
Is 18461232859 a prime number?
False
Is 57411019531 prime?
True
Is 8129207911 a prime number?
False
Is 7440125291 a composite number?
False
Is 140495209781 prime?
False
Is 785184637 prime?
True
Is 1160862041 composite?
True
Is 178206901 a composite number?
True
Is 247828181 a composite number?
True
Is 2539608278 prime?
False
Is 703830151 a composite number?
False
Is 289875407 a prime number?
True
Is 24889099889 a prime number?
True
Is 8208217951 a prime number?
False
Is 22047370171 composite?
False
Is 4473347041 composite?
True
Is 4174508497 prime?
False
Is 16309827533 a prime number?
False
Is 153383719 a prime number?
True
Is 16319805893 a composite number?
True
Is 130434692249 prime?
False
Is 13097662723 a prime number?
True
Is 2951867473 composite?
True
Is 8701296559 composite?
False
Is 26726962319 prime?
False
Is 15267490207 a prime number?
True
Is 2756982679 a composite number?
True
Is 58470089 a composite number?
True
Is 61429744217 a prime number?
True
Is 213976979 prime?
True
Is 2407152347 composite?
True
Is 7312444271 a prime number?
False
Is 57498499481 composite?
False
Is 2044652731 composite?
True
Is 1390722693 prime?
False
Is 25779544009 prime?
False
Is 16608693679 a prime number?
True
Is 11204120717 prime?
False
Is 28166914799 composite?
False
Is 787921087 composite?
False
Is 444347417 composite?
True
Is 8651841929 a composite number?
False
Is 44770401073 composite?
False
Is 7538208891 a prime number?
False
Is 11052388301 a composite number?
False
Is 1094981995 a composite number?
True
Is 1785556987 a prime number?
True
Is 127284433135 a composite number?
True
Is 93635409137 composite?
False
Is 10484553727 a prime number?
False
Is 548337467 a composite number?
False
Is 557992051 a prime number?
True
Is 3266957233 a prime number?
True
Is 766438843 a composite number?
False
Is 2631035159 a prime number?
False
Is 355578491 prime?
False
Is 171925027 prime?
True
Is 46269078623 prime?
True
Is 47648627621 a composite number?
True
Is 225153577 a prime number?
False
Is 643051834 composite?
True
Is 2699020741 a prime number?
True
Is 113725807061 prime?
False
Is 2702504923 composite?
True
Is 2681323619 a prime number?
False
Is 54540653173 a prime number?
True
Is 326363827 a prime number?
False
Is 18859601 a prime number?
False
Is 12686993729 prime?
False
Is 937386419 a prime number?
False
Is 20387858639 composite?
False
Is 38740701709 prime?
False
Is 1355702617 prime?
True
Is 524084629 a composite number?
False
Is 82517170397 a composite number?
False
Is 1271016991 prime?
True
Is 23098865 prime?
False
Is 4342524779 composite?
False
Is 76964939342 a prime number?
False
Is 3450783389 composite?
False
Is 4719082261 a composite number?
True
Is 804271021 a composite number?
True
Is 9421909 prime?
False
Is 28949445233 a composite number?
True
Is 50939048261 a prime number?
True
Is 19246953029 a prime number?
True
Is 6724662299 a composite number?
False
Is 400885501 composite?
False
Is 11849741 a composite number?
False
Is 20855515049 a composite number?
False
Is 19043392309 prime?
False
Is 101889367 a composite number?
False
Is 95915177 a prime number?
True
Is 2053983793 composite?
True
Is 824529133 a composite number?
True
Is 13126939363 a composite number?
False
Is 13931221453 a composite number?
True
Is 233217937 composite?
True
Is 165835981 a prime number?
False
Is 4713139331 a prime number?
False
Is 635852807 prime?
False
Is 25518319 composite?
True
Is 23461419739 prime?
False
Is 50403134447 composite?
True
Is 8063362927 composite?
False
Is 2954470061 prime?
True
Is 22860525937 composite?
True
Is 478021549 composite?
False
Is 736344029 composite?
True
Is 23629935229 prime?
True
Is 12287394097 composite?
True
Is 1225811647 prime?
True
Is 9983737 prime?
False
Is 6011772109 a composite number?
True
Is 5429314099 prime?
False
Is 2374873847 a prime number?
True
Is 22500688723 a composite number?
True
Is 1904473997 prime?
True
Is 23003839483 prime?
True
Is 38590849343 a composite number?
False
Is 640870211 a prime number?
False
Is 163468979 composite?
False
Is 80403503423 composite?
False
Is 1320909209 a prime number?
False
Is 45383903 a composite number?
False
Is 5320363231 a composite number?
True
Is 114804607 a composite number?
False
Is 488524987 composite?
False
Is 168892045631 composite?
True
Is 244101733 prime?
False
Is 148639288423 composite?
True
Is 3120701777 prime?
True
Is 141731111687 composite?
True
Is 664769767 prime?
True
Is 5722091339 prime?
False
Is 5713755409 a composite number?
False
Is 20561820509 a prime number?
False
Is 6427038773 prime?
False
Is 1766144969 a composite number?
False
Is 5946807173 a composite number?
False
Is 344557849 composite?
False
Is 14235669011 composite?
False
Is 1448760613 a prime number?
True
Is 1272851309 a composite number?
True
Is 3007948081 composite?
True
Is 3192363127 a composite number?
True
Is 121860063847 prime?
True
Is 2720445473 prime?
True
Is 10471543393 prime?
False
Is 391867679 prime?
False
Is 1000812913 a composite number?
False
Is 4752259153 prime?
True
Is 3887927609 a prime number?
True
Is 325193801 composite?
False
Is 78342805001 a prime number?
True
Is 93025255 a composite number?
True
Is 418897232009 a composite number?
False
Is 36682871 prime?
True
Is 3069151493 prime?
True
Is 28583764043 prime?
False
Is 89574429529 prime?
False
Is 4620092923 prime?
True
Is 2941325797 prime?
True
Is 1190726113 a prime number?
False
Is 1747298977 prime?
True
Is 10044074969 prime?
True
Is 101918237 composite?
True
Is 699808007 a composite number?
False
Is 163670337911 composite?
False
Is 278433371 a prime number?
True
Is 12466509635 composite?
True
Is 844148113 a prime number?
False
Is 1614107923 a prime number?
False
Is 56078183 composite?
True
Is 23161791395 a prime number?
False
Is 208046557 composite?
False
Is 25905748087 prime?
False
Is 7181177021 composite?
False
Is 340950919 composite?
True
Is 3815760719 composite?
True
Is 44203415903 composite?
False
Is 27304208003 a prime number?
True
Is 26009831 composite?
True
Is 305283103 prime?
False
Is 996051031 a prime number?
False
Is 285268849 composite?
False
Is 10394128565 prime?
False
Is 1121899511 a prime number?
True
Is 3223405987 a composite number?
False
Is 47148346897 a prime number?
True
Is 232791583 prime?
True
Is 397472963 a prime number?
True
Is 20017386139 a composite number?
True
Is 68694876